the ten thousands digit of 280146046?
4
What is the tens digit of 1016734877?
7
What is the units digit of 133091100?
0
What is the hundred millions digit of 2989686095?
9
What is the tens digit of 27980046?
4
What is the hundreds digit of 5490631027?
0
What is the hundred thousands digit of 6708350135?
3
What is the units digit of 57112323?
3
What is the billions digit of 2742887616?
2
What is the millions digit of 720314138?
0
What is the tens digit of 118585119?
1
What is the thousands digit of 44622493?
2
What is the millions digit of 72737116?
2
What is the thousands digit of 19977928?
7
What is the millions digit of 1139967631?
9
What is the hundreds digit of 66550383?
3
What is the ten millions digit of 6878178869?
7
What is the ten millions digit of 114169356?
1
What is the hundred millions digit of 756316653?
7
What is the ten millions digit of 512293606?
1
What is the ten thousands digit of 40232170?
3
What is the hundred thousands digit of 26727879?
7
What is the ten thousands digit of 1343277187?
7
What is the hundreds digit of 450185197?
1
What is the ten thousands digit of 1883041?
8
What is the ten millions digit of 28464173?
2
What is the hundreds digit of 23380478?
4
What is the hundreds digit of 8018578?
5
What is the hundred thousands digit of 77758952?
7
What is the hundreds digit of 1175933920?
9
What is the hundreds digit of 96646622?
6
What is the hundred thousands digit of 45103878?
1
What is the ten millions digit of 110205268?
1
What is the thousands digit of 803016378?
6
What is the units digit of 1003337491?
1
What is the ten millions digit of 84042959?
8
What is the tens digit of 74418914?
1
What is the ten millions digit of 21851108?
2
What is the billions digit of 2121326953?
2
What is the hundreds digit of 185867205?
2
What is the ten millions digit of 56822889?
5
What is the ten millions digit of 91792533?
9
What is the ten millions digit of 201771028?
0
What is the millions digit of 11795096?
1
What is the millions digit of 685052883?
5
What is the ten millions digit of 173199653?
7
What is the ten thousands digit of 443016593?
1
What is the hundred thousands digit of 28396061?
3
What is the tens digit of 2826664849?
4
What is the units digit of 91090627?
7
What is the hundred thousands digit of 152740687?
7
What is the billions digit of 2073472361?
2
What is the ten thousands digit of 808808198?
0
What is the tens digit of 47245009?
0
What is the ten millions digit of 2470920759?
7
What is the hundreds digit of 3375176368?
3
What is the tens digit of 2394354638?
3
What is the hundreds digit of 24742126?
1
What is the ten thousands digit of 195540574?
4
What is the units digit of 2915065366?
6
What is the ten millions digit of 559844353?
5
What is the hundreds digit of 520873775?
7
What is the ten millions digit of 15961787?
1
What is the tens digit of 1015919450?
5
What is the billions digit of 1150765342?
1
What is the hundred millions digit of 110189220?
1
What is the thousands digit of 136401846?
1
What is the ten millions digit of 195171098?
9
What is the thousands digit of 2206881347?
1
What is the hundred thousands digit of 21290425?
2
What is the units digit of 3099508706?
6
What is the hundred millions digit of 109866996?
1
What is the hundreds digit of 157445016?
0
What is the hundreds digit of 226865185?
1
What is the ten thousands digit of 3411876802?
7
What is the millions digit of 3024029491?
4
What is the thousands digit of 150294392?
4
What is the hundreds digit of 221144101?
1
What is the hundred thousands digit of 313088673?
0
What is the hundreds digit of 164972189?
1
What is the millions digit of 180487667?
0
What is the thousands digit of 58929199?
9
What is the thousands digit of 108303093?
3
What is the ten millions digit of 26772542?
2
What is the ten millions digit of 1230302861?
3
What is the ten thousands digit of 1506413857?
1
What is the units digit of 39780725?
5
What is the hundred thousands digit of 34781139?
7
What is the tens digit of 125939212?
1
What is the thousands digit of 41040594?
0
What is the tens digit of 292686699?
9
What is the thousands digit of 400962411?
2
What is the units digit of 146072962?
2
What is the millions digit of 48724123?
8
What is the tens digit of 133239427?
2
What is the hundred thousands digit of 1766863309?
8
What is the tens digit of 101264955?
5
What is the thousands digit of 1565796256?
6
What is the tens digit of 95307406?
0
What is the hundred millions digit of 196769726?
1
What is the ten millions digit of 6448059437?
4
What is the tens digit of 89747324?
2
What is the units digit of 1787308320?
0
What is the tens digit of 799207355?
5
What is the units digit of 1415223413?
3
What is the hundred thousands digit of 197884457?
8
What is the hundred millions digit of 1061498753?
0
What is the thousands digit of 2637477797?
7
What is the tens digit of 53675855?
5
What is the millions digit of 269490193?
9
What is the ten millions digit of 4800716074?
0
What is the tens digit of 348813044?
4
What is the units digit of 2056868634?
4
What is the millions digit of 97760977?
7
What is the billions digit of 4592503344?
4
What is the ten thousands digit of 7063963?
6
What is the units digit of 22032162?
2
What is the millions digit of 75146435?
5
What is the hundred millions digit of 261523309?
2
What is the hundred thousands digit of 1621290561?
2
What is the ten millions digit of 34533646?
3
What is the thousands digit of 156511855?
1
What is the tens digit of 8296516?
1
What is the hundred thousands digit of 1252161729?
1
What is the ten thousands digit of 66373502?
7
What is the tens digit of 83732646?
4
What is the hundred thousands digit of 63033577?
0
What is the hundreds digit of 538303949?
9
What is the hundreds digit of 20400615?
6
What is the millions digit of 2572886840?
2
What is the units digit of 2332024728?
8
What is the units digit of 8964878?
8
What is the thousands digit of 5504306?
4
What is the hundreds digit of 4190534366?
3
What is the thousands digit of 4820701?
0
What is the tens digit of 23423370?
7
What is the ten millions digit of 993830864?
9
What is the millions digit of 573390834?
3
What is the hundreds digit of 367382120?
1
What is the hundreds digit of 922465191?
1
What is the millions digit of 45207746?
5
What is the ten thousands digit of 568352368?
5
What is the tens digit of 109368733?
3
What is the ten thousands digit of 39760637?
6
What is the hundred thousands digit of 24518723?
5
What is the hundred thousands digit of 14956469?
9
What is the units digit of 43476563?
3
What is the thousands digit of 105828838?
8
What is the units digit of 93577307?
7
What is the ten millions digit of 1637987968?
3
What is the thousands digit of 69989802?
9
What is the thousands digit of 30094200?
4
What is the hundreds digit of 22350421?
4
What is the units digit of 1610428823?
3
What is the hundreds digit of 41554356?
3
What is the hundred millions digit of 283428838?
2
What is the hundred millions digit of 1543254609?
5
What is the hundred millions digit of 5350698829?
3
What is the millions digit of 44366741?
4
What is the millions digit of 65104890?
5
What is the hundred millions digit of 130239256?
1
What is the tens digit of 38249946?
4
What is the hundred thousands digit of 634354241?
3
What is the hundred thousands digit of 375851259?
8
What is the ten millions digit of 30188178?
3
What is the units digit of 3662921?
1
What is the units digit of 28291746?
6
What is the ten thousands digit of 6599983?
9
What is the ten millions digit of 1462781252?
6
What is the hundred thousands digit of 108931578?
9
What is the thousands digit of 22843768?
3
What is the ten thousands digit of 405313930?
1
What is the thousands digit of 4257609165?
9
What is the ten thousands digit of 995466872?
6
What is the millions digit of 531873825?
1
What is the millions digit of 8309877365?
9
What is the hundred thousands digit of 41842908?
8
What is the ten millions digit of 1956953629?
5
What is the units digit of 133136714?
4
What is the thousands digit of 88061347?
1
What is the thousands digit of 1670662337?
2
What is the tens digit of 229229671?
7
What is the billions digit of 2323941366?
2
What is the units digit of 901570554?
4
What